s divided by 711.
706
What is the remainder when 143699 is divided by 50?
49
What is the remainder when 6340 is divided by 2001?
337
Calculate the remainder when 41048 is divided by 74.
52
What is the remainder when 30200 is divided by 91?
79
Calculate the remainder when 4927 is divided by 34.
31
What is the remainder when 5914 is divided by 12?
10
Calculate the remainder when 25607 is divided by 88.
87
What is the remainder when 1454 is divided by 44?
2
Calculate the remainder when 874 is divided by 435.
4
Calculate the remainder when 7218 is divided by 735.
603
Calculate the remainder when 35028 is divided by 422.
2
What is the remainder when 43202 is divided by 3596?
50
Calculate the remainder when 205662 is divided by 952.
30
Calculate the remainder when 200208 is divided by 245.
43
What is the remainder when 8167 is divided by 851?
508
Calculate the remainder when 10427 is divided by 10420.
7
Calculate the remainder when 18876 is divided by 125.
1
Calculate the remainder when 20195 is divided by 202.
197
Calculate the remainder when 4714 is divided by 468.
34
Calculate the remainder when 4280 is divided by 2041.
198
What is the remainder when 20035 is divided by 4974?
139
What is the remainder when 93526 is divided by 67?
61
What is the remainder when 331304 is divided by 3?
2
What is the remainder when 10460 is divided by 7?
2
What is the remainder when 2048 is divided by 197?
78
What is the remainder when 347008 is divided by 8675?
8
Calculate the remainder when 5544 is divided by 38.
34
What is the remainder when 20036 is divided by 71?
14
Calculate the remainder when 9275 is divided by 113.
9
What is the remainder when 140801 is divided by 14?
3
What is the remainder when 226862 is divided by 926?
918
What is the remainder when 6654 is divided by 342?
156
What is the remainder when 3706 is divided by 154?
10
What is the remainder when 2610 is divided by 16?
2
What is the remainder when 8592 is divided by 2856?
24
Calculate the remainder when 47424 is divided by 208.
0
Calculate the remainder when 26308 is divided by 328.
68
Calculate the remainder when 1786 is divided by 526.
208
Calculate the remainder when 3378 is divided by 587.
443
Calculate the remainder when 9404 is divided by 94.
4
What is the remainder when 3856 is divided by 21?
13
Calculate the remainder when 254627 is divided by 93.
86
Calculate the remainder when 68788 is divided by 773.
764
Calculate the remainder when 17277 is divided by 8635.
7
What is the remainder when 11794 is divided by 19?
14
What is the remainder when 31797 is divided by 15878?
41
Calculate the remainder when 5828 is divided by 5804.
24
Calculate the remainder when 74266 is divided by 40.
26
What is the remainder when 3840 is divided by 476?
32
What is the remainder when 134862 is divided by 333?
330
What is the remainder when 16792 is divided by 410?
392
What is the remainder when 671 is divided by 201?
68
What is the remainder when 13316 is divided by 333?
329
What is the remainder when 10304 is divided by 88?
8
What is the remainder when 2853 is divided by 12?
9
Calculate the remainder when 36478 is divided by 1921.
1900
What is the remainder when 172864 is divided by 827?
21
Calculate the remainder when 4180 is divided by 1318.
226
What is the remainder when 809 is divided by 272?
265
Calculate the remainder when 15132 is divided by 233.
220
Calculate the remainder when 675 is divided by 109.
21
Calculate the remainder when 69142 is divided by 118.
112
Calculate the remainder when 47203 is divided by 345.
283
Calculate the remainder when 7914 is divided by 659.
6
What is the remainder when 181981 is divided by 1034?
1031
What is the remainder when 145529 is divided by 1386?
1385
What is the remainder when 1717 is divided by 718?
281
Calculate the remainder when 8093 is divided by 42.
29
Calculate the remainder when 43511 is divided by 372.
359
Calculate the remainder when 12065 is divided by 377.
1
Calculate the remainder when 17035 is divided by 118.
43
What is the remainder when 38374 is divided by 34?
22
What is the remainder when 5688 is divided by 70?
18
Calculate the remainder when 186028 is divided by 93005.
18
What is the remainder when 9869 is divided by 154?
13
What is the remainder when 5358 is divided by 1058?
68
Calculate the remainder when 30631 is divided by 178.
15
What is the remainder when 3664 is divided by 893?
92
What is the remainder when 3077 is divided by 3070?
7
What is the remainder when 568194 is divided by 75?
69
Calculate the remainder when 136706 is divided by 186.
182
What is the remainder when 691366 is divided by 283?
280
Calculate the remainder when 160144 is divided by 70.
54
Calculate the remainder when 349361 is divided by 26.
25
Calculate the remainder when 6959 is divided by 10.
9
Calculate the remainder when 4002 is divided by 1996.
10
Calculate the remainder when 41744 is divided by 98.
94
What is the remainder when 697039 is divided by 232345?
4
What is the remainder when 15103 is divided by 15?
13
What is the remainder when 2220 is divided by 2194?
26
What is the remainder when 11842 is divided by 3939?
25
Calculate the remainder when 777225 is divided by 1084.
1081
Calculate the remainder when 77481 is divided by 587.
584
Calculate the remainder when 11448 is divided by 11436.
12
What is the remainder when 3616 is divided by 127?
60
Calculate the remainder when 67734 is divided by 13546.
4
Calculate the remainder when 6980 is divided by 579.
32
Calculate the remainder when 14947 is divided by 18.
7
What is the remainder when 398667 is divided by 49?
3
Calculate the remainder when 239071 is divided by 916.
911
What is the remainder when 110 is divided by 23?
18
What is the remainder when 76643 is divided by 1532?
43
Calculate the remainder when 29666 is divided by 1754.
1602
Calculate the remainder when 23870 is divided by 57.
44
Calculate the remainder when 28126 is divided by 3110.
136
What is the remainder when 14730 is divided by 27?
15
Calculate the remainder when 11279 is divided by 10918.
361
Calculate the remainder when 78770 is divided by 838.
836
What is the remainder when 914 is divided by 101?
5
What is the remainder when 1893 is divided by 24?
21
Calculate the remainder when 2415 is divided by 817.
781
What is the remainder when 625 is divided by 99?
31
What is the remainder when 20928 is divided by 2608?
64
Calculate the remainder when 382 is divided by 199.
183
Calculate the remainder when 38775 is divided by 12895.
90
What is the remainder when 28255 is divided by 533?
6
Calculate the remainder when 3739 is divided by 631.
584
Calculate the remainder when 9645 is divided by 1071.
6
Calculate the remainder when 4240 is divided by 2903.
1337
Calculate the remainder when 2876 is divided by 514.
306
Calculate the remainder when 305650 is divided by 305578.
72
Calculate the remainder when 22222 is divided by 3168.
46
Calculate the remainder when 103753 is divided by 34.
19
Calculate the remainder when 66987 is divided by 15.
12
Calculate the remainder when 428 is divided by 425.
3
Calculate the remainder when 3480 is divided by 612.
420
What is the remainder when 43580 is divided by 62?
56
What is the remainder when 13272 is divided by 234?
168
Calculate the remainder when 328032 is divided by 54671.
6
Calculate the remainder when 7328 is divided by 398.
164
What is the remainder when 329387 is divided by 1262?
5
Calculate the remainder when 2214 is divided by 580.
474
What is the remainder when 8870 is divided by 256?
166
What is the remainder when 20357653 is divided by 292?
289
Calculate the remainder when 1470166 is divided by 1470158.
8
What is the remainder when 8461 is divided by 256?
13
Calculate the remainder when 13589 is divided by 9.
8
Calculate the remainder when 3175 is divided by 3167.
8
What is the remainder when 19658 is divided by 328?
306
Calculate the remainder when 21950 is divided by 737.
577
Calculate the remainder when 10357 is divided by 3315.
412
Calculate the remainder when 1848 is divided by 164.
44
What is the remainder when 44912 is divided by 8982?
2
What is the remainder when 90843 is divided by 738?
69
Calculate the remainder when 11608 is divided by 892.
12
Calculate the remainder when 7058 is divided 